132
What is the highest common factor of 8 and 12?
4
What is the greatest common divisor of 243 and 21708?
81
What is the highest common divisor of 36 and 45?
9
Calculate the greatest common factor of 4 and 181.
1
What is the greatest common divisor of 15180 and 30?
30
What is the highest common factor of 192 and 112?
16
What is the greatest common divisor of 248 and 62?
62
Calculate the greatest common divisor of 5536 and 32.
32
Calculate the greatest common factor of 540 and 630.
90
What is the greatest common divisor of 1053 and 26?
13
What is the highest common divisor of 14337 and 59?
59
Calculate the highest common factor of 126 and 28.
14
Calculate the greatest common divisor of 32 and 536.
8
What is the highest common divisor of 22 and 154?
22
Calculate the highest common divisor of 28 and 532.
28
Calculate the greatest common divisor of 38 and 95.
19
Calculate the highest common factor of 128 and 2944.
128
Calculate the greatest common divisor of 7 and 13.
1
What is the greatest common factor of 198 and 36?
18
What is the greatest common factor of 3710 and 210?
70
Calculate the highest common divisor of 250 and 100.
50
What is the greatest common factor of 152 and 8?
8
Calculate the greatest common factor of 35 and 1435.
35
Calculate the greatest common factor of 18 and 37692.
18
Calculate the highest common divisor of 57 and 285.
57
What is the greatest common factor of 1178 and 992?
62
What is the highest common factor of 48 and 200?
8
What is the highest common divisor of 57 and 266?
19
Calculate the greatest common factor of 246 and 820.
82
Calculate the greatest common factor of 144 and 549.
9
What is the greatest common factor of 8 and 157?
1
What is the greatest common factor of 46 and 14?
2
Calculate the greatest common divisor of 1430 and 13156.
286
Calculate the greatest common factor of 2 and 358.
2
What is the highest common factor of 644 and 4347?
161
Calculate the greatest common divisor of 43 and 12427.
43
Calculate the highest common factor of 432 and 4248.
72
Calculate the highest common divisor of 2268 and 336.
84
Calculate the greatest common divisor of 100 and 20.
20
Calculate the highest common divisor of 11 and 17358.
11
What is the highest common divisor of 6620 and 80?
20
What is the highest common factor of 110 and 370?
10
What is the highest common divisor of 80 and 1960?
40
What is the greatest common factor of 242 and 198?
22
What is the greatest common divisor of 734 and 1?
1
What is the highest common factor of 323 and 228?
19
Calculate the greatest common factor of 23 and 107249.
23
What is the highest common factor of 4 and 50?
2
What is the highest common factor of 7133 and 28?
7
Calculate the highest common divisor of 77 and 4081.
77
What is the highest common factor of 28 and 56?
28
Calculate the greatest common divisor of 28258 and 199.
199
What is the greatest common divisor of 133 and 247?
19
Calculate the highest common divisor of 2332 and 143.
11
What is the highest common divisor of 1250 and 10?
10
Calculate the highest common divisor of 2619 and 485.
97
Calculate the highest common divisor of 3173 and 19.
19
What is the highest common factor of 208 and 16?
16
Calculate the greatest common divisor of 6 and 1552.
2
What is the highest common factor of 304 and 48?
16
Calculate the greatest common factor of 27 and 1125.
9
What is the highest common divisor of 6734 and 1001?
91
Calculate the greatest common factor of 650 and 50.
50
What is the highest common divisor of 3 and 24?
3
What is the highest common factor of 517 and 94?
47
What is the highest common divisor of 5485 and 5?
5
What is the highest common divisor of 352 and 44?
44
Calculate the greatest common factor of 48 and 21.
3
Calculate the greatest common factor of 297 and 165.
33
What is the highest common factor of 742 and 182?
14
Calculate the highest common divisor of 33292 and 28.
28
What is the highest common divisor of 36 and 648?
36
What is the greatest common divisor of 27 and 48?
3
Calculate the greatest common divisor of 384 and 6.
6
What is the greatest common factor of 484 and 473?
11
Calculate the highest common factor of 44 and 176.
44
What is the greatest common divisor of 7238 and 376?
94
Calculate the highest common divisor of 361 and 19.
19
Calculate the greatest common factor of 183 and 305.
61
What is the greatest common factor of 216 and 27?
27
What is the highest common divisor of 247 and 26?
13
What is the greatest common factor of 296 and 32?
8
Calculate the highest common factor of 45 and 225.
45
What is the greatest common factor of 96 and 976?
16
Calculate the highest common factor of 56 and 116.
4
Calculate the highest common divisor of 96 and 42.
6
Calculate the greatest common factor of 45 and 441.
9
What is the greatest common factor of 851 and 37?
37
What is the greatest common divisor of 12 and 156?
12
What is the greatest common divisor of 9 and 219?
3
What is the highest common factor of 209 and 76?
19
Calculate the highest common factor of 17438 and 2.
2
Calculate the highest common divisor of 1215 and 225.
45
Calculate the highest common factor of 6457 and 33.
11
What is the greatest common divisor of 60 and 810?
30
Calculate the greatest common divisor of 114 and 969.
57
Calculate the highest common factor of 2816 and 66.
22
What is the highest common divisor of 235 and 55?
5
Calculate the highest common factor of 160 and 864.
32
What is the greatest common divisor of 174 and 102?
6
What is the highest common factor of 18 and 873?
9
Calculate the greatest common factor of 137 and 5617.
137
Calculate the highest common divisor of 288 and 180.
36
What is the greatest common divisor of 2 and 52?
2
Calculate the greatest common factor of 19 and 19.
19
Calculate the highest common divisor of 123 and 451.
41
Calculate the highest common divisor of 13470 and 30.
30
What is the greatest common divisor of 200 and 2300?
100
What is the highest common divisor of 30 and 330?
30
Calculate the highest common divisor of 31 and 3968.
31
What is the greatest common factor of 18 and 774?
18
What is the greatest common divisor of 7 and 553?
7
What is the greatest common divisor of 51 and 1649?
17
What is the greatest common factor of 1648 and 16?
16
Calculate the highest common factor of 436 and 8829.
109
Calculate the highest common divisor of 176 and 64.
16
Calculate the greatest common factor of 42466 and 51.
17
Calculate the highest common factor of 115 and 759.
23
What is the highest common divisor of 322 and 84?
14
What is the greatest common factor of 165 and 10245?
15
What is the greatest common factor of 12 and 36840?
12
Calculate the highest common divisor of 26 and 702.
26
Calculate the highest common divisor of 16571 and 454.
227
Calculate the highest common divisor of 6 and 1414.
2
Calculate the highest common divisor of 30 and 2470.
10
What is the highest common divisor of 276 and 732?
12
Calculate the highest common divisor of 154 and 7777.
77
Calculate the greatest common divisor of 64 and 3488.
32
Calculate the highest common factor of 28 and 266.
14
What is the greatest common divisor of 71 and 1633?
71
Calculate the greatest common factor of 845 and 195.
65
What is the highest common factor of 7198 and 854?
122
What is the highest common divisor of 189 and 27?
27
Calculate the highest common factor of 5629 and 39.
13
What is the highest common factor of 51 and 969?
51
What is the greatest common factor of 225 and 100?
25
Calculate the highest common divisor of 31 and 558.
31
Calculate the highest common divisor of 222 and 74.
74
What is the greatest common divisor of 38 and 8626?
38
Calculate the highest common divisor of 144 and 774.
18
Calculate the highest common factor of 146 and 16.
2
Calculate the highest common factor of 1552 and 3589.
97
What is the highest common factor of 22 and 406?
2
What is the highest common divisor of 355 and 781?
71
Calculate the greatest common divisor of 19810 and 280.
70
Calculate the highest common factor of 19 and 1083.
19
Calculate the greatest common divisor of 18018 and 126.
126
Calculate the greatest common factor of 49 and 245.
49
What is the greatest common divisor of 1105 and 10?
5
What is the greatest common divisor of 37 and 18056?
37
Calculate the